-5*r + y = 3*b, -3*r - b + 2 = -2*r. Suppose r = 5*u - l - l - 641, 4*u = l + 511. Is u composite?
False
Let k be 6/(-21) + -877*2/(-14). Suppose -t + 4*r = -k, -t = -3*t + r + 229. Is t composite?
False
Let g be 22 - (1 - (0 - 1)). Let l be (3/5)/(4/g). Suppose -4*d + 3*f + 317 = 0, l*d = -4*f + 2*f + 225. Is d composite?
True
Let a(h) = 126*h + 5. Let j be a(4). Suppose 3*t = 886 + j. Suppose o - m - 2*m = 437, -4*m = o - t. Is o a prime number?
True
Suppose 2*d - 4820 = 2*t, -2*d + t = 2884 - 7705. Is d a prime number?
True
Let h(m) = 641*m**3 + 2*m**2 - 11*m + 23. Is h(2) composite?
True
Suppose -7*m + 10*m = -9. Is m/2 - (-1989)/2 a composite number?
True
Is 72/54*((-18165)/(-12) - 1) a composite number?
False
Let v(c) = -c**3 - c. Let w be v(-1). Suppose -w*q + 3165 = q. Is q a prime number?
False
Suppose -5*w + 11232 + 9523 = 0. Is w a composite number?
True
Let x = 12 - 8. Suppose -w - m - 859 = 4*w, x*w - 2*m + 676 = 0. Let v = -88 - w. Is v a prime number?
True
Let c(v) = v**3 + 6*v**2 - 6*v + 15. Let w be c(-7). Is 3354/8 + (-2)/w prime?
True
Is (-268)/(-3618) + (-1019167)/(-27) prime?
True
Suppose -3*t - 24 + 9 = 0. Let l = t - -21. Suppose j - 70 = l. Is j composite?
True
Let d(w) = 111*w - 2 + 1 - 200*w - 485*w. Let u(g) = 2871*g + 4. Let s(f) = 11*d(f) + 2*u(f). Is s(-2) composite?
True
Is 1 + -1 + (-201580)/(-20) a prime number?
True
Let a = 3201 + -2223. Let q = a - 481. Is q a prime number?
False
Let g = 22 - -516. Let j = 299 + -99. Suppose 753 = 4*w + m, 4*w - 2*m - g = j. Is w a composite number?
True
Let m = 63610 - 38183. Is m a prime number?
False
Suppose 4*d + 0*d - 408 = 0. Let g = d - 368. Is g/(-4) - 4/(-8) a composite number?
False
Let i = -20 + 32. Is i/(-8) + 121/2 a composite number?
False
Let y = -1675 - -4242. Is y a composite number?
True
Suppose 101 = h - 196. Let x = h - 471. Let r = x + 337. Is r composite?
False
Let m = 89280 - 52847. Is m a prime number?
True
Let z(p) = p**3 - p**2 + p + 77. Suppose 4*v - 40 = -v + 5*y, 5*y = -15. Suppose 0 = v*r - 4*r. Is z(r) a composite number?
True
Let i(c) = c + 4. Let w be i(8). Let v(u) = u**3 - 9*u**2 - 13*u - 3. Let g be v(12). Suppose -w*t + g = -9*t. Is t prime?
False
Suppose 0 = -t - 5*t - 96. Let m = -11 - t. Is (-5)/m*3 - -1892 prime?
True
Suppose 27*z - 193761 = -50202. Is z prime?
False
Suppose k = -3*r + 21370, 5*r - 85501 = -7*k + 3*k. Is k a prime number?
True
Suppose 2*l = -3*l + 10. Let f = 1 + l. Is (-2)/f + 64/6 a prime number?
False
Let n be 3*(-2)/(-8)*4. Suppose -i + 0*i = -n*q - 985, -5*i + 4997 = 3*q. Is i a composite number?
False
Let w = -8878 + 12659. Is w a prime number?
False
Suppose n = -2*m - 4*n + 28, -n = -5*m + 16. Suppose m*o = 7*o - 9. Suppose w + 994 = o*w. Is w a composite number?
True
Let t = -7004 - -12265. Is t prime?
True
Let l(x) = 6*x**3 - 3*x**2 - 2*x + 12. Let i(v) = 5*v**3 - 2*v**2 - 3*v + 11. Let r(c) = -7*i(c) + 6*l(c). Is r(7) prime?
False
Is -2*((-74990)/(-4))/(-5) a prime number?
True
Let i = 41 + -35. Is 3554/i - (-6 - 16/(-3)) a composite number?
False
Suppose -2*y - 10 = -4*v, -21 = -3*y + 2*v - 5*v. Suppose 3*k = -5*d + 1586, 2153 = y*k + k - d. Is k composite?
True
Let p(z) be the second derivative of 5*z**4/12 + 7*z**3/6 - 9*z. Let o be p(-3). Is (4276/(-6))/((-16)/o) composite?
False
Suppose 6*a + 4 - 28 = 0. Suppose 2*g = -0*g, a*g = -4*h + 2252. Is h prime?
True
Let v(p) = 17*p**2 - 6*p + 10. Is v(3) prime?
False
Let d(a) = -5*a + 41. Let u be d(8). Let r be (-1)/((-1)/67*-1). Is (0 + u + -4)*r composite?
True
Suppose -160*a = -171*a + 616715. Is a a composite number?
True
Let c(u) = 10*u**2 - 18*u + 271. Is c(-21) a composite number?
False
Let f be -1*63/(-14)*8/3. Let z(o) = 4*o**3 - 15*o**2 + 5*o - 4. Let c(d) = d**3 - d**2 - 1. Let j(p) = -3*c(p) + z(p). Is j(f) a composite number?
False
Let u(y) = y**3 - 11*y**2 + 10*y + 2. Let g be u(10). Is 2/(-4) + 2963/g prime?
True
Suppose 4*u = 3*z + 1 + 6, 0 = 5*z - u + 6. Is (-11 - 2)/(z/31) a composite number?
True
Is (-4567)/(-6) - (-7)/(-42) prime?
True
Let x be (-16)/(-10) + (-2)/(-5). Let l(s) = -2*s - 6*s + s**3 - 9*s + 11 + 3*s + 11*s**x. Is l(-12) prime?
False
Suppose -j - 3*d + 7093 = 3*j, 0 = -3*j - 5*d + 5306. Suppose -3*z + h + j = 0, -2*z - 2*h + 1184 = -3*h. Is z prime?
True
Suppose -4*i - n + 3*n = -2312, 5*i + 4*n - 2916 = 0. Let l = i + 831. Is l composite?
True
Suppose 6*j - 1678 = -7150. Let y = 1361 + j. Is y prime?
True
Suppose 15*v - 3083 - 6847 = 0. Let q = -26 - 371. Let d = q + v. Is d a prime number?
False
Suppose 4*t - 4*w + 4 = 8*t, -2*t = -5*w - 9. Let y = t - -30. Suppose 57 = g - y. Is g composite?
False
Is (-28854)/(-210)*20/6 composite?
True
Let b(z) = 84*z**2 + 2*z - 1. Let o(g) = -2*g - 20. Let p be o(-9). Is b(p) composite?
False
Let g be ((-33)/(-22))/(6/(-8)). Let p be 80/30 - g/(-3). Suppose -5*q + 472 = f, p*q + 98 = 3*q + 2*f. Is q composite?
True
Suppose -l = -7*l + 36612. Suppose 3*z - l = -4*x + 9327, 5156 = z - 3*x. Is z a composite number?
False
Suppose 4*l + 0*p + 43 = p, 3*p + 39 = -2*l. Let b = -9 - l. Suppose -4*g + 810 = 2*y - 682, 0 = -b*g - 2*y + 1121. Is g a prime number?
False
Let f(l) = -6*l. Let r be f(1). Let x(o) = 38*o - 8. Let m be x(r). Let y = m - -363. Is y a prime number?
True
Suppose -3750 = o - 15759. Is o prime?
False
Suppose h - 4176 + 14 = 0. Is h a composite number?
True
Suppose t + 5*a + 12 = 0, -4*a = t + 3 + 4. Let o(r) = 3*r**3 + 7*r**2 - 5*r. Let k(y) = -y**3 + y**2 - 1. Let i(z) = -4*k(z) - o(z). Is i(t) composite?
True
Is (-53)/3*-3*(-6)/(-6) a prime number?
True
Let u = 10 + -8. Let v = 2 + u. Let r(a) = 7*a**2 - a + 3. Is r(v) a composite number?
True
Let g(f) = f**3 + 39*f**2 + 32*f - 31. Is g(-29) composite?
False
Is 18/81 - ((-519436)/36 + 0) composite?
True
Let a be (-1019 + 1)/(1*2/(-1)). Let t = 1062 + a. Is t a prime number?
True
Suppose 3*s - s = 4. Let m(y) = 126*y**2 - 1. Is m(s) a composite number?
False
Is 1388925/81 + (-4)/18 a prime number?
False
Suppose -5*v + 116133 = k, -24*v + 2*k - 69677 = -27*v. Is v prime?
True
Suppose -20*d = -25*d + 4015. Is d prime?
False
Suppose 4 = 6*j - 2. Let i(k) = 1 - 6 + 203*k**2 + 6 - 2*k. Is i(j) composite?
True
Let y be 109770/(-12)*24/(-10). Is (5/3 - 2)/((-2)/y) composite?
False
Let f(w) = 2*w**3 - w**2 - 13*w + 2. Let z be f(8). Suppose 2*x - 845 = -j + z, -5*j + 5*x + 8440 = 0. Is j a prime number?
True
Suppose -16*i = -132601 - 3607. Is i a prime number?
True
Suppose 0 = 3*t + t + o - 18, -t = 5*o + 5. Let g be (4 - 6)/(1/t). Is (174/g)/(1/(-5)) composite?
True
Let o = -7 - -2. Let s(z) = -51*z + 5. Let r be s(o). Let p = -141 + r. Is p a composite number?
True
Let w = -1705 + 3374. Is w prime?
True
Suppose 0 = 4*j - 20, -r - 2*j + 19 + 9 = 0. Let f(i) = -i**2 + 27*i - 5. Is f(r) prime?
True
Let g be 35/21 - (-4)/(-6). Is (-57429)/(-9) - (g + -4 - 1) composite?
True
Let a(l) = 4*l**2. Let o be a(1). Let u(f) = 0 - 4 + 1 + 20*f. Is u(o) a prime number?
False
Let k(j) = -2*j**3 + 24*j**2 + 2. Let s be k(12). Suppose 4*z = 6*z - 6, -10271 = -s*a - 3*z. Is a a prime number?
False
Let a(b) be the first derivative of 2*b**3/3 - 7*b**2/2 - 8*b - 9. Is a(11) composite?
False
Is 42/(-4 + 10) + 18360 composite?
False
Let o(l) = 15*l**2 + 2 - 7*l + 2*l - 5 - 1. Suppose -2*y - 12 = 2*y. Is o(y) prime?
False
Let g(r) = -30*r - 5. Let n = -2 - -2. Suppose 4*c - 3*o = -13, -c - 4*c - o - 21 = n. Is g(c) a composite number?
True
Suppose 3*h + 39 = 6. Let d = -6 - h. Suppose d*w = 5*y - 354 + 64, -4*w - 67 = -y. Is y composite?
True
Let b(o) = o**3 - 10*o**2 - o + 5273. Is b(0) composite?
False
Suppose 3*q + 2*i - 21 = 0, -6*q + 32 = -2*q + 4*i. Suppose -q*z + 2585 = -0*z. Is z a composite number?
True
Suppose -5*z - 2 = -s - 0, 0 = -5*z. Is (5/s - 1) + (-1171)/(-2) composite?
False
Suppose h + 7252 + 2495 = 4*v, -4*v = 2*h - 9750. Is v a prime number?
True
Is (405883/62)/(-3 - 7/(-2)) a composite number?
False
Let q = 44303 + -26694. Is q prime?
True
Let b be (-890)/(-4)*176/10. Let s = b - 2705. Is s composite?
True
Let a(r) be the third derivative of 3*r**5/10 + r**4/8 + r**3/6 - 38*r**2. Is a(5) composite?
True
Let l = -5 + 4. Let w be -1 - (-3)/(l - -4). Suppose w = 5*j + 4*q - 3*q - 94, -2*q = 2. Is j prime?
True
Suppose 0 = 2*c, 193